+ z = 4*n. What are the prime factors of m?
3, 5
Let v = 810 - -359. List the prime factors of v.
7, 167
Let g = 1037 + -449. List the prime factors of g.
2, 3, 7
Let w = 866 + 1426. List the prime factors of w.
2, 3, 191
Let z(x) = x**2 + 2*x - 2. Let b be z(5). Let p = -47 + b. Let o = 21 + p. What are the prime factors of o?
7
Let n(t) = t + 5. Let o be n(-2). What are the prime factors of (-1640)/(-25) - o/5?
5, 13
Let g(d) = -3*d**2 + 4. Let w(r) = 3*r**2 - 5. Let q(p) = -5*g(p) - 4*w(p). What are the prime factors of q(-1)?
3
Let x(s) = -4*s + 1. Let p(g) = g. Let q be ((-4)/(-10))/(4/(-140)). Let k(n) = q*p(n) - 4*x(n). What are the prime factors of k(7)?
2, 5
What are the prime factors of 7/(-9 + 12 + 89/(-30))?
2, 3, 5, 7
Let m = -32 + 47. Suppose -j + m = 4*j. Suppose -2*x + 10 = 0, -4*s + j*x - 7*x = -132. List the prime factors of s.
2, 7
Suppose 4*t - 181 = -21. Suppose s = q + t, -2*s + 2*q + 162 = 2*s. Suppose 2*f - 1 = s. What are the prime factors of f?
3, 7
Suppose 768 = 6*a - 3*a. Suppose 0 = 5*n - 2*v - a, -v - v = 5*n - 244. List the prime factors of n.
2, 5
Let r(o) = o**3 + 10*o**2 - o - 10. Let t be r(-10). Suppose -3*z + 0*z + 15 = t. Suppose -30 + 200 = z*j - y, 102 = 3*j + 4*y. List the prime factors of j.
2, 17
Let c = 177 - 77. Suppose -c = -3*m - 2*m. What are the prime factors of m?
2, 5
Suppose 2*w + s - 6*s - 37 = 0, 4*w - 4*s = 80. List the prime factors of -1 + 42 - (25 - w).
37
Let v be (-3 + (2 - 2))*5. Suppose 0 = 3*o - 37 - 44. Let y = o + v. List the prime factors of y.
2, 3
Suppose -17*y - 61*y = -62244. List the prime factors of y.
2, 3, 7, 19
Let y be (8/(-10))/(2/(-45)). List the prime factors of ((-6)/y)/((-1)/24).
2
Let o = 194 - 194. Let l be ((3 - 2) + 3)*8. Suppose r + 0*r - l = o. What are the prime factors of r?
2
Suppose -5*m - 9 = 6. What are the prime factors of (-3 + 7/2)/(m/(-636))?
2, 53
Suppose 5080 = 4*q - i - 117, q - 1283 = -3*i. What are the prime factors of q?
2, 11, 59
Suppose -3451 = -5*g + 2804. What are the prime factors of g?
3, 139
Let z(v) = -2*v**2 + 3*v + 8. Let i(j) = 2*j**2 - 3*j - 7. Let m(f) = 5*i(f) + 4*z(f). List the prime factors of m(-4).
41
Let h(m) = m**2 - 7*m + 8. Let d(i) = -i**3 + 9*i**2 - 5*i - 6. Let v be d(8). Let f = v + -12. List the prime factors of h(f).
2
Suppose 6759 = 6*c - 9225. What are the prime factors of c?
2, 3, 37
Suppose -4*t + 0*t + 48 = 0. Let a(r) be the third derivative of -r**5/60 + r**4/2 + r**3 - 2*r**2. List the prime factors of a(t).
2, 3
Let o(m) = -6*m - 2. Suppose 3*b = -2*p - 8, -5 = b + 5*p - 2*p. Let k be o(b). Let w = k - -1. What are the prime factors of w?
11
Suppose a + 9 = -2*q, 4*q + 0*a = 4*a - 36. Let x be 66*(q/(-3) - 0). Suppose -5*m + 8*m - x = 0. What are the prime factors of m?
2, 11
Let d(y) = -y**2 + 7*y - 16. Let b be d(7). Let c = 26 + b. List the prime factors of c.
2, 5
What are the prime factors of ((-16)/48 - 2/6)*-234?
2, 3, 13
Let z(t) = 1172*t - 17. What are the prime factors of z(1)?
3, 5, 7, 11
Let k(a) be the third derivative of -28*a**6/15 - a**5/15 - a**4/12 - 15*a**2 + 1. What are the prime factors of k(-1)?
2, 3, 37
Let z be 6 - 33 - (0 - 1). Let g = z + 80. What are the prime factors of g?
2, 3
Suppose -2*j + 2*y + 2184 = 0, -1097 = 9*j - 10*j + 2*y. List the prime factors of j.
1087
Let n(l) = l**3 - 8*l**2 + 10*l - 17. Let g be n(7). Suppose -8*s + 36 = -g*s. What are the prime factors of s?
3
Suppose u - 2*w - 11 = 143, u - 174 = -2*w. What are the prime factors of u?
2, 41
Let j be 17/((-3)/12*-4). Let m = j + -10. Let z = -3 + m. What are the prime factors of z?
2
Suppose 2 = m - 0*m. Suppose -15 = -m*p + 3*u, 0*u = -5*p + 2*u + 10. Suppose -4*o - 2*n = -104, 3*o - n + 9 - 82 = p. List the prime factors of o.
5
Suppose 2*h + 4*t - 420 - 140 = 0, -4*t = 3*h - 848. Suppose 0*c + 4*c - 2*y = h, -5*c + 2*y = -359. What are the prime factors of c?
71
Suppose -94*o + 110*o - 10096 = 0. List the prime factors of o.
631
Suppose -j + 5*l + 62 = 0, -3*j + 175 = -0*l - 4*l. Let z = j - -15. What are the prime factors of z?
2, 3
Suppose 4*g - 12 = 4*c, -3*c + g = -3*g + 14. Let v(p) = 5*p + 25. Let y(k) = k + 6. Let s(q) = c*v(q) - 9*y(q). List the prime factors of s(8).
2
Suppose -n = 3*v - 155, 3*n = -3*v - v + 205. Suppose 0 = 5*o, -3*z - 2*o + 14 = -1. Suppose -u + z*u = v. List the prime factors of u.
13
Suppose 4*m + 5*u + 182 = 0, 62 = 4*m - 3*u + 260. Let c = m - -90. List the prime factors of c.
2, 3, 7
Let m be (-1)/(1 + 28/(-26)). List the prime factors of (1/3)/(m/1755).
3, 5
Let w(b) = -98*b**3 - b**2 - 2*b - 1. Let m be w(-1). Let x be m/(-3) - 4/3. Let q = x - -56. What are the prime factors of q?
2, 11
Let n(i) = -i + 8. Let z be n(5). Let v(s) = 3*s**z - s - 1 - s - 2*s**3 + 0*s. What are the prime factors of v(2)?
3
Let d(b) = b**2 + 5*b + 4. Let u be d(-2). Let f = -2 + 1. What are the prime factors of 29 - (u + 3) - f?
29
Let u(x) = x**3 - 6*x**2 + 8*x - 5. Let f be u(5). Suppose -4*s = 5*m - 7*s - 216, -5*s - f = 0. List the prime factors of m.
2, 3, 7
Suppose 42660 - 16465 = 13*w. What are the prime factors of w?
5, 13, 31
Let j(z) be the third derivative of z**6/30 + z**4/8 - 5*z**3/6 + 18*z**2. What are the prime factors of j(3)?
2, 7
Suppose -3*c - 5*s + 12956 = 0, 5*c - 6*s + s - 21540 = 0. What are the prime factors of c?
2, 7, 11
Suppose -132 = r - 5*t, -2*r - 410 = r - t. Let k = -62 - r. Let g = -41 + k. What are the prime factors of g?
2, 17
Let t(a) = -21*a**3 + a**2 + 10*a + 20. What are the prime factors of t(-2)?
2, 43
Let p(k) be the second derivative of 16*k**3/3 - 7*k**2/2 - 19*k. What are the prime factors of p(5)?
3, 17
Suppose 3*a + 5*f = 7*f + 2774, 927 = a - 3*f. What are the prime factors of a?
2, 3, 7, 11
Let b = 1197 + -581. List the prime factors of b.
2, 7, 11
Let t = 1027 - 1027. Let n = 10 + -4. Suppose t = 4*u - h - 192, -3*u + 2*h + 133 = -n. What are the prime factors of u?
7
Let d = 276 + -160. Suppose -7*v = -d - 703. List the prime factors of v.
3, 13
Let r = 5 + 0. Suppose -r*h - 14 = -44. Suppose -j + h*j = 30. List the prime factors of j.
2, 3
Let v = 199 + -127. Suppose -187 = -5*s - v. Suppose 7 = -r + s. What are the prime factors of r?
2
Suppose 4*m - 4*q = -600, -426 = 6*m - 3*m + 3*q. Let k = m + 205. What are the prime factors of k?
59
Let z(p) be the third derivative of p**5/30 + 11*p**4/24 + p**3 - 4*p**2. Suppose 2*q + 6 = 6*l - 4*l, -4*q + l = 24. What are the prime factors of z(q)?
3
Suppose 24*i - 15*i = 14760. List the prime factors of i.
2, 5, 41
List the prime factors of 7272/45 - (-4)/10.
2, 3
Suppose 0 = -4*q + 5*r + 1127, 2*q - 3*r = 5*q - 852. List the prime factors of q.
283
Let q be 448/24*(3 + 0). Let h = 13 + q. List the prime factors of h.
3, 23
Suppose -d + 862 = -119. List the prime factors of d.
3, 109
Let y(i) = i + 2. Let n be y(-3). Let k be n - (15 + -2 - 4). List the prime factors of (-96)/(-10) - (-6)/k.
3
Let k(a) = -4 + 24*a + 3 - 23*a. Let s(x) = 16*x + 5. Let g(z) = 10*k(z) + 2*s(z). List the prime factors of g(1).
2, 3, 7
Suppose m + 21 = -n, -4*m + 2 = -n - 34. Let o = n - -51. What are the prime factors of o?
3
Let g(k) = k**3 + 10*k**2 + 6*k - 21. Let m(y) = 0*y + 0*y - 5*y - 8*y + 4. Let p be m(1). List the prime factors of g(p).
2, 3
Let m = 0 - -799. What are the prime factors of m?
17, 47
Suppose 20*z + 54 = 23*z. Let y be (-399)/15 + z/(-45). What are the prime factors of y/((16/(-12))/4)?
3
Let d be (46 - -6)/(0 + 2). Let s = d - 8. Suppose l + 63 = v, -s + 199 = 3*v - 5*l. List the prime factors of v.
67
Suppose -2 = 3*o + 10, 3*o + 20 = r. Let k(p) = p**3 - 6*p**2 - 6*p - 6. List the prime factors of k(r).
2, 37
Let y(r) = 6*r - 4. Let v be y(8). Suppose -3*j + 28 = -0*j + 5*h, -5*h + v = 4*j. Let q = j - -21. What are the prime factors of q?
37
Suppose 6*s = s + 3*z + 5441, 5433 = 5*s + z. What are the prime factors of s?
1087
Suppose 3*a - 16 = -4. Let t(z) = 5*z**2 + 2*z + 13. What are the prime factors of t(a)?
101
Suppose -5*x + 1769 = 2*l, -3*x + 2*l + 1071 = -0*l. Suppose -3*d - r + x = 0, 0 = 5*r - 4 - 1. What are the prime factors of d?
2, 59
Let a(z) = -z**3 - 5*z**2 - 6*z + 3. Let q be a(-3). Suppose 2*u = 2*w + 7*u - 131, 0 = q*w - 5*u - 134. What are the prime factors of w?
53
